 32, -f - f = c*v + 22. What are the prime factors of 72 + f + (-16)/(-4)?
2, 17
Let c = -1367 + 9700. List the prime factors of c.
13, 641
Let r(v) = v**3 - 30*v**2 - 59*v - 367. What are the prime factors of r(45)?
17, 1609
Let w(p) = 2*p**3 - 38*p**2 + 2*p - 38. Let x be w(19). Suppose 3*y - 1071 = 2*h, 0*y - y + 4*h + 367 = x. What are the prime factors of y?
5, 71
Let n = -9 - -6. Let i(f) = 9*f**2 - 3*f + 2. Let p be i(n). Let h = 19 + p. What are the prime factors of h?
3, 37
List the prime factors of ((-206)/(-30) - (-276)/2070) + 95846/2.
2, 5, 4793
Suppose 0 = 5*d - 4*d - 3. Suppose 400 = -4*u - d*v + 92, 0 = 5*u + 2*v + 378. Let p = -3 - u. List the prime factors of p.
71
Let o = -271 + 2803. Let y = o - 1755. List the prime factors of y.
3, 7, 37
Let k(f) = 32*f**3 + 9*f**2 + 8*f + 2. Let t be k(-7). Let p = t - -7324. List the prime factors of p/(-35) + 3*(-6)/63.
3, 31
Let s(g) = 126*g - 288. Suppose 0 = -486*b + 492*b - 102. What are the prime factors of s(b)?
2, 3, 103
Suppose 136 = j - v, j + 3*v + 48 = 180. List the prime factors of j.
3, 5
Let w(v) = -3*v + 1. Let s be w(-5). Suppose 2*l + 3*c = 15 + 1, 2*l - 5*c = -s. List the prime factors of 15/(l - 3 - -2).
3, 5
Suppose -94*u = -111*u + 137326. List the prime factors of u.
2, 7, 577
Let j(i) = -i**3 + 51*i**2 - 39*i - 212. What are the prime factors of j(43)?
3, 11, 17, 23
Suppose -108*o = 23754 - 74514. List the prime factors of o.
2, 5, 47
Let j(s) = -2*s - 37. Let q be j(-17). What are the prime factors of 64/192 - 2159/q?
2, 3, 5
Let q = 5073 + 203. List the prime factors of q.
2, 1319
Let o = 305 + -291. What are the prime factors of (-6 + 6)/o + 895*1?
5, 179
Suppose -2*t + 212 + 134 = 0. Suppose 9*i - 1005 = 6*i. Suppose -4*o + i = -t. List the prime factors of o.
127
Let v(g) = g**3 - 10*g**2 + 8*g - 6. Let w be v(10). Suppose -854 = -2*h - w. What are the prime factors of h?
2, 3, 5, 13
What are the prime factors of (8/(-18) - 18/81) + 532688/12?
2, 5, 23, 193
Let i = 82117 - 17111. What are the prime factors of i?
2, 32503
Let s(w) be the first derivative of w**3/3 - 15*w**2/2 - 80. List the prime factors of s(20).
2, 5
Let j be (126/70)/(2/350). Suppose -j = -4*r + 37. List the prime factors of r.
2, 11
Let c = -19004 + 24653. List the prime factors of c.
3, 7, 269
What are the prime factors of (-28736694)/(-990) - (-8)/220?
29027
Suppose 5*a + 2*h = -9726, -2*a + 3*a - 2*h + 1950 = 0. Let k = -1339 - a. What are the prime factors of k?
607
Let s be 0 + 2/(-4) + 13/2. Suppose -k + d = -7 + 4, 3*k = -2*d - s. Suppose z = i - k*z - 135, 4*z - 16 = 0. What are the prime factors of i?
139
Let w = -3588 - -8532. List the prime factors of w.
2, 3, 103
Let a(w) = 2*w**3 + 2*w**2 + 66*w + 5442. What are the prime factors of a(0)?
2, 3, 907
Suppose 3*k - 5*s - 37 = 0, 5*s + 45 = 4*k + 4. Let d = -770 + 916. Suppose -d = -3*r - 0*r + 2*p, -k*p = -20. List the prime factors of r.
2, 13
Suppose 10*a + 25*a = -11200210. What are the prime factors of a/(-172) + (-5)/2?
2, 929
Let y(b) = 395*b**2 - 59*b - 475. List the prime factors of y(-6).
23, 613
Let x = -265 - -488. Suppose v + 3*w = x, -6*w + 5*w = 4*v - 859. List the prime factors of v.
2, 107
Let s(f) = f**3 - 16*f**2 + 10*f - 1. Let q be s(3). Suppose 0*o - 4*o - 508 = -2*v, 4*o - 284 = -v. Let y = v + q. List the prime factors of y.
2, 11
Suppose k + 2337 = 2*p, 5*p - 7*p + 4*k = -2340. List the prime factors of p + -7 + -5 + 4.
2, 5, 29
Let t = -415 - -810. Suppose -t = -u + 200. What are the prime factors of u?
5, 7, 17
Let b(k) = 8*k - 60. Let q be b(8). Suppose -4*t + 5999 = 5*s, q*s - 3*t + 5998 = 9*s. List the prime factors of s.
11, 109
Let b(k) be the second derivative of -k**5/20 + 3*k**4/4 + 7*k**3/3 + 8*k**2 - 107*k. What are the prime factors of b(-5)?
2, 37
Let u = 20508 + 8327. List the prime factors of u.
5, 73, 79
Let m(w) = 2*w**3 - 157*w**2 - 175*w - 52. What are the prime factors of m(80)?
2, 3, 11, 13
Suppose 5702 = 2*t - 3*o, 5*o - 985 = -t + 1827. List the prime factors of t.
2, 7, 29
Let s be (-6)/27 - (-25392)/54. Suppose -i + 13 = -s. List the prime factors of i.
3, 7, 23
Suppose 0 = -4*l + 119 + 1313. Let j = 1012 - l. What are the prime factors of j?
2, 3, 109
Let i be 0 + (-93)/(-6) - 10/(-20). Let h = i - -2. Suppose 5*n - 87 = -3*g, -n + g + 1 = -h. What are the prime factors of n?
2, 3
Let w(f) = f**2 - 250*f + 1230. Let r be w(5). Let j = 133 + 194. Suppose 0 = -r*u - 5, 5*c - 5*u = 643 + j. List the prime factors of c.
193
Suppose -2*d + 5*a - 69 = 0, a = -a + 10. Let k = -133 - d. List the prime factors of (k/9)/(1/(-3)).
37
Let m be (-2)/13 + 134/26. What are the prime factors of (-4)/(-20) - (-1809)/m?
2, 181
Let b = 8950 - -1377. What are the prime factors of b?
23, 449
What are the prime factors of (7/(280/(-528)))/((-26)/23855)?
3, 11, 367
Suppose 4*y - 3*c = 171740, 2*y - 283*c - 85866 = -281*c. What are the prime factors of y?
23, 1867
Let g(v) = 11*v**3 - v**2 - 3*v - 3. Let r be g(-1). What are the prime factors of ((-944)/(-24))/((-4)/r)?
2, 59
Let i be (-255)/20 - (-4)/(-16). What are the prime factors of (i + 12)*(-13)/1?
13
List the prime factors of 2/(-27) - 2892/324 - -28524.
3, 5, 1901
Suppose 3*l = -4*c + 8, -c + 13 = -0*l - 2*l. Let n(r) = 15*r - 20. Let b be n(c). Suppose 0 = -3*o - b + 190. List the prime factors of o.
3, 5
Let t be 14*2/6 + 30/90. Let p(o) = -o**3 - 2*o**2 - 4*o + 3. Let x be p(t). Let r = -70 - x. What are the prime factors of r?
2, 61
Let r(u) = -121*u - 121. Let z be r(-1). Suppose -2*c = -5*c + 6. Suppose 0 = -2*i - 0 - c, j + 5*i - 88 = z. What are the prime factors of j?
3, 31
Let o = -145 - -23406. What are the prime factors of o?
7, 3323
What are the prime factors of ((-546)/(-126) + -1)*1*18951?
2, 5, 6317
Let n(g) = g**3 + 7*g**2 + 3*g + 13. Let p be n(-6). Suppose p - 17 = -2*l. What are the prime factors of (-1)/2*-8*(l - -9)?
2
Suppose -2*p - 52 = -98. Suppose -5*i - d + 12 + p = 0, -3*i - 2*d + 28 = 0. Suppose -m = -i*m - 4*z + 132, 0 = 5*z - 15. What are the prime factors of m?
2, 3
Let g = -5 - -6. Suppose 0 = -i + 2 + g, 5*i - 140 = -5*r. Let m = -9 + r. What are the prime factors of m?
2
Let h = 57 + -33. Suppose w - h - 925 = -4*f, 3*f = 12. List the prime factors of w.
3, 311
Suppose -3*i + 6 = 39. Let m(h) = 12*h**2 + 13*h - 2056 + 2072 + 2*h**3 - 4*h - h**3. What are the prime factors of m(i)?
2, 19
Suppose 6 = -d + 3*d. Let l be (-4)/3*(-6)/12*6. Suppose 3*b - 393 = -d*q, -l*q - 141 = -b - 0*b. List the prime factors of b.
7, 19
Let i(u) = -5*u + 8. Let j be i(4). Let b = 92 + j. Suppose -9*q + 503 - b = 0. List the prime factors of q.
47
Let p(t) = -532*t**3 + 10*t**2 + 27*t + 4. List the prime factors of p(-2).
2, 11, 193
What are the prime factors of (-4 + (-54)/(-12))/(8/71488)?
2, 1117
Let t = -5 - -5. Suppose w - 470 + 84 = t. Suppose 6*k - 310 = w. What are the prime factors of k?
2, 29
Let r(v) = v**2 - 22*v + 102. Let j be r(8). What are the prime factors of j/15*((5 - 10) + -1177)?
2, 197
Suppose 73*j - 2541 = 72*j. Suppose -j = 10*v - 21*v. List the prime factors of v.
3, 7, 11
Let w be 10/(-40) + 378/8. Let g = 63 - w. List the prime factors of ((-4)/(-5)*g)/(3/15).
2
Let f(o) = -o**3 + 11*o**2 - 4*o - 2. Let x be f(9). Let s = -387 + x. Let b = 491 + s. What are the prime factors of b?
2, 3, 19
Let c(o) = -3913*o - 289. List the prime factors of c(-3).
2, 5, 229
Suppose 2*n - 7 = -f, -f - n + 8 - 3 = 0. Suppose w - 4*r = 2*w - 49, f*w = -4*r + 131. Let c = 13 + w. What are the prime factors of c?
2, 3
Let d = -480 - -808. Let x = 139 - d. Let i = -74 - x. List the prime factors of i.
5, 23
Let x(u) = 258*u + 697. List the prime factors of x(93).
24691
Let b = 13529 + -5543. What are the prime factors of b?
2, 3, 11
Let v(n) = 18*n**3 + 4*n**2 - 5*n + 1. Let o(d) = 2*d - 5. Let p be o(5). Suppose -j - 15 = -p*x - 2*j, 0 = 4*x + j - 13. What are the prime factors of v(x)?
151
Let q be 2 + (703 - (4 - 2)). Suppose 698*o = q*o - 3355. What are the prime factors of o?
11, 61
Let d = 3954 - 176. List the prime factors of d.
2, 1889
Let a(o) = -7*o**3 + 4*o**2 - 8*o - 39. Suppose -4*m - 9 = 15. What are the prime factors of a(m)?
3, 5, 37
What are the prime factors of 528350/19 + (-3)/19*(-106)/159?
2, 11, 79
S